3*y - 6. What is the remainder when w(5) is divided by 16?
15
Suppose -h = 4*h - 625. Suppose -c + 6*c = h. Let i = -20 + 33. What is the remainder when c is divided by i?
12
Suppose -d - 3 = -0*d, 3*n - 285 = -2*d. What is the remainder when n is divided by 9?
7
Calculate the remainder when 121 is divided by (-160)/(-4) - (-4 + 4 + -2).
37
Suppose 5*m + 0*m = -5. Let o be (2/5)/(m/(-5)). Suppose o*f = -4*q + 22, f - 2*q = q - 4. Calculate the remainder when 9 is divided by f.
4
What is the remainder when (26 - -2)*12/8 is divided by 15?
12
Let o be 66/(-2) - (-4 - -2). Let j = -21 - o. Let p = 2 + 4. Calculate the remainder when j is divided by p.
4
Let h(n) = n**2. Let v be h(0). Suppose v*c + 16 = l - 5*c, 12 = 3*l + 3*c. What is the remainder when 9 is divided by l?
3
What is the remainder when (4 - 54/12)/(1/(-256)) is divided by 22?
18
Let y(x) = -6*x + 4. Suppose 0 = 3*l + v - 6*v - 39, 5*l - v = 43. What is the remainder when y(-3) is divided by l?
6
Let j = -40 - -66. Calculate the remainder when 76 is divided by j.
24
Suppose 0 = 3*c - 2 - 4. Suppose w = -c*w + 39. Calculate the remainder when w is divided by 8.
5
Let p = 0 + 1. Calculate the remainder when (-2)/(1 - -1) - -8 is divided by (-6*p)/(2 + -4).
1
Suppose -159 = -r - 2*r. Calculate the remainder when r is divided by 18.
17
Suppose 2*d - 3 - 31 = 0. Suppose -5*u + 79 + 166 = 0. What is the remainder when u is divided by d?
15
Suppose -3*r - 17 + 41 = 0. Suppose 2*h = -2*h + r. Suppose 0*d - 34 = -h*d. Calculate the remainder when 50 is divided by d.
16
Suppose -5 = -2*h + 5. Suppose -5*q = 0, -2*t + h*q + 12 = q. Suppose s - 34 = -s. Calculate the remainder when s is divided by t.
5
Let f(y) = -14*y. Calculate the remainder when 3/1 + (38 - 0) is divided by f(-1).
13
Suppose 5*d - 17 = 3. Suppose -5*p = -51 + 1. Calculate the remainder when p is divided by d.
2
Let p be 1330/(-56) - (-1)/(-4). Calculate the remainder when 33 is divided by p/(-4) + 0/(-1).
3
Suppose 2*p = -2*q + 18, -2*p - 3*p = -q - 69. Suppose -l = -2*c + 16, -3*l + 9 = -c + 22. Calculate the remainder when p is divided by c.
6
Suppose 4 = 5*g - 131. What is the remainder when 14 is divided by (-2)/5 + g/5?
4
Let l be (-4)/(-14) - 110/(-7). Suppose -4*y + l = -2*y. Calculate the remainder when 15 is divided by y.
7
Suppose 0 = 3*r + 4*m - 142, -3*r = -3*m - 52 - 104. Calculate the remainder when r is divided by 13.
11
Suppose 4*d + 2*l = -l - 315, 2*d + 159 = -3*l. Let i = 55 + d. Let z = -14 - i. Calculate the remainder when 33 is divided by z.
6
Let o = -13 + 23. Calculate the remainder when 17 is divided by o.
7
Calculate the remainder when 2/(-5) + (-1819)/(-85) is divided by 6.
3
Let m be (2 + -35 + -2)*2. Let a = m + 297. Suppose h = 4*t + t - 283, 0 = -4*t + h + a. Calculate the remainder when t is divided by 19.
18
Let v be (-504)/32 - 2/8. Calculate the remainder when 4 is divided by 4/v + (-18)/(-8).
0
Suppose 2*a - 32 = -0*z - 3*z, 17 = 2*z - 3*a. Suppose 2*u + 2*u = g + 80, -u + 23 = -g. What is the remainder when u is divided by z?
9
Let u(w) = -w**2 + 10*w - 12. What is the remainder when 12 is divided by u(7)?
3
Let w(b) = -3*b - 8. Calculate the remainder when 13 is divided by w(-4).
1
Let y(r) = 3*r**2 + r - 6. Calculate the remainder when 10 is divided by y(2).
2
Let q(o) = 13*o**2 - 1. What is the remainder when q(-2) is divided by 14?
9
Let o(f) = 0*f**2 - 3 + f**2 + 2*f - f. Suppose -2 = -3*t - 11. Calculate the remainder when o(t) is divided by 1.
0
Let x = -9 + 17. Calculate the remainder when 14 is divided by x.
6
Suppose 3*z + 0*z - 2*k = 27, k = 2*z - 17. Suppose 6*s + 0*s = 66. Calculate the remainder when s is divided by z.
4
Suppose 20 = 4*y - n + 1, 11 = 3*y - 4*n. Let f = 18 - 10. Calculate the remainder when f is divided by y.
3
Let r(k) = -2*k**2 - 9*k - 13. Let a = 7 + -4. Let n(u) = -u**2 + u + 1. Let b(i) = a*n(i) - r(i). What is the remainder when 10 is divided by b(13)?
1
Suppose 0 = -3*t + h + 110, -4*h + h - 34 = -t. Calculate the remainder when 183 is divided by t.
35
Let u(x) = 3*x**2 + 27*x + 11. What is the remainder when 230 is divided by u(-9)?
10
Suppose -3*g - g = -3*p - 213, -3*g + 9 = 0. Let n = p - -116. Calculate the remainder when n is divided by 17.
15
Suppose -w - 26 = w. Let b = 28 + w. What is the remainder when b is divided by 8?
7
Suppose 9 = 4*b + p, 5*b - 12 = p - 3*p. Suppose b*v = -3*v. Suppose -2*t + 34 = -4*r, v = -2*r - 3 - 1. What is the remainder when 37 is divided by t?
11
Suppose -x = 3*x - 3*j - 28, 4*x - 4 = -3*j. Suppose -2*b - 22 = -x*b. Let z = -3 + 7. Calculate the remainder when b is divided by z.
3
Suppose 3*r + 4 = 16. What is the remainder when 21 is divided by r?
1
Let k(f) = -f**3 - 6*f**2 - 6*f - 2. Let d be k(-5). Suppose 2*g - 3*m = 67, d*m + 66 = 2*g + m. What is the remainder when g is divided by 17?
15
Let p be ((-86)/4 - 0)*2. Let y = -63 - p. What is the remainder when 1 - (-2 - -4) - y is divided by 10?
9
Let i be 46/6 + (-1)/(-3). Suppose -i*d = -3*d - 170. What is the remainder when d is divided by 18?
16
Let q = 12 - 6. Let o be (3/(-9))/((-2)/q). Calculate the remainder when 22 is divided by 3 - (0 + o) - -10.
10
Suppose -77 + 11 = -3*b. What is the remainder when b is divided by 12?
10
Calculate the remainder when 69 is divided by 10 - (0 - (-1 - 0)) - 1.
5
Let k(r) = 13*r**3 - r**2 + 2*r + 1. What is the remainder when 44 is divided by k(1)?
14
Suppose -4*g + 52 = -4*k, 3*g + 0*k - 5*k - 49 = 0. Let p be ((-6)/g)/((-2)/8). Suppose 17 + 16 = p*w. What is the remainder when w is divided by 4?
3
Suppose 4*n + 4*j - 71 = 5*j, n - 2*j - 16 = 0. What is the remainder when 142 is divided by n?
16
Let v(p) = -2*p - 4. Let o be v(-3). Suppose j + o*j = 78. Suppose -2*m + 0*m = -j. What is the remainder when 25 is divided by m?
12
Suppose 4 = 2*z - 2. Suppose z*p + q - 6*q = 6, 0 = -2*p - q + 17. Let b(x) = x**2 - 5*x - 4. What is the remainder when b(p) is divided by 6?
4
Suppose -5*p - 479 = 2*r, -2*r - 2*p = -p + 483. Calculate the remainder when 1/(-2) + r/(-4) is divided by 21.
18
Let a = -1 - -3. Suppose 5*b = -a + 37. What is the remainder when b is divided by 2?
1
Let t = 6 - 2. Suppose 4*b + 2*o = 62, 3*b = -b - t*o + 52. Calculate the remainder when b is divided by 7.
4
Let a(q) = 46*q**2 + 2*q - 1. Let l = -6 + 8. Suppose 3*j = 4*w + 22 - 7, 0 = -l*j + 4*w + 14. What is the remainder when a(j) is divided by 12?
11
Let l(d) = -d**2 + 10. What is the remainder when l(0) is divided by 6?
4
Let m(i) = -i + 15. Let v be m(9). Let y be 0*(-2)/v + 9. Let q = y - -5. Calculate the remainder when q is divided by 8.
6
Suppose -3*r + 2*f - 8 = -49, -r + 13 = -f. What is the remainder when 27 is divided by r?
12
Let l be (-3)/(0 - -3) - 3. Calculate the remainder when l/(-6)*(-1230)/(-20) is divided by 22.
19
Let j = -64 - -72. What is the remainder when j is divided by 5?
3
Suppose -2*v = 4 - 12, 3*v = m. What is the remainder when 69 is divided by m?
9
Calculate the remainder when -2 + (-9)/((-18)/128) is divided by 16.
14
Suppose q = 6*q + 5*w - 165, -2*w = -5*q + 144. Suppose -5*g - g + q = 0. What is the remainder when g is divided by 2?
1
Let i(h) = 28*h + 1. Suppose 0 = 4*l - 42 + 2. Calculate the remainder when i(1) is divided by l.
9
Suppose 4 + 14 = 2*b - 3*v, -b = 4*v + 13. Suppose -3 = 3*x, 0*i + i + 5*x = -11. What is the remainder when i*(0 + (-4)/6) is divided by b?
1
What is the remainder when 27 is divided by (-30)/20 + (-66)/(-4)?
12
Suppose -8*m + 6*m + 28 = 0. Calculate the remainder when 40 is divided by m.
12
Suppose 3*b - 10 = 4*b. Let a be (-4)/12 - (-17)/(-3). Calculate the remainder when (132/b)/(a/20) is divided by 23.
21
Let a = -223 - -233. Suppose 5*g = 26 - 6. Calculate the remainder when a is divided by (-1)/(-4) + 23/g.
4
What is the remainder when 52 is divided by 2/(2/15) + 3?
16
Suppose -4*o + 24 = -2*o. Calculate the remainder when 29 is divided by o.
5
Suppose 3*d + d = 20. Suppose -4*f + 69 = 3*y - 0*y, -3*y = d*f - 84. Let w = -5 + 33. Calculate the remainder when w is divided by f.
13
Calculate the remainder when 6*9/(-4)*-2 is divided by 10.
7
Let o = -44 - -72. What is the remainder when 79 is divided by o?
23
What is the remainder when 1638/14 - (-1 - -1) is divided by 15?
